2. Let n(r) = 69*r + 9. Let b(i) = 5*h(i) + n(i). Is b(q) prime?
False
Let y(x) = 38676*x**3 - 6*x**2 - 37*x + 44. Is y(1) a composite number?
False
Suppose 146*n + 14*n - 19516644 = -92*n. Is n composite?
False
Let l(h) = -485*h + 2258. Is l(-21) a composite number?
True
Let w(k) = 14216*k**3 + 52*k**2 - 110*k + 1. Is w(2) prime?
True
Suppose 55*u + 1402543 = 4488098. Is u prime?
True
Let k(i) = -13 - 178*i + 63*i - 295*i - 242*i. Suppose 698*j - 688*j + 20 = 0. Is k(j) prime?
True
Suppose 27923 = 5*n - 51152. Let y = n + -9910. Is y composite?
True
Let k(l) = -25*l**2 - 4*l - 22. Let z be k(9). Let u = 6803 + z. Is (2 + u)/((-8)/(-4)) a composite number?
True
Suppose -3 = 3*g, 2*g = 5*c + 3*g - 54. Suppose -c*a + 77898 + 65795 = 0. Is a composite?
False
Let r(q) = -q**2 + 10*q - 13. Suppose 6*p - 46 = 2. Let z be r(p). Suppose 0 = z*a + 2*a - 2065. Is a prime?
False
Suppose -5*a - 68092 = -5*w + 212878, -4*a = -4. Is w a prime number?
False
Let p(d) = -d**2 + 46*d + 18841. Is p(0) composite?
True
Suppose -9 = -4*x - 13. Let f(v) = 3934*v**2 - 2*v. Let n be f(x). Suppose -4*u - 3*w + n = -w, 1966 = 2*u + 2*w. Is u composite?
True
Suppose 0 = -2*o + 4*l + 221502, -1525*o - 110750 = -1526*o + l. Is o prime?
True
Is 329782 - (5 + 4 + ((-66)/6 - -5)) prime?
True
Suppose 46722 = 4*b + c - 91253, -3*c = b - 34480. Is b prime?
False
Suppose -284165 + 1728509 = 24*b. Is b composite?
True
Let c = -71516 + 112887. Is c a prime number?
False
Let a(z) = 31*z**2 + 13*z + 26. Suppose 24*s - 27*s = -195. Let r = 58 - s. Is a(r) a prime number?
False
Let a(x) = 18*x**2 - 3*x + 48973. Is a(0) prime?
True
Let f be 39/(-3) + 6 - -2. Is 1 - (4 + f) - 2469*-1 prime?
False
Suppose -3*v + 240295 = u, -5*u - v + 725854 = -475677. Is u a prime number?
False
Let s(o) = -o**3 + 29*o**2 - 27*o - 22. Let d be s(28). Suppose -52111 = -d*c + 47111. Is c composite?
True
Let y = -159 + 310. Suppose -3548 = y*d - 155*d. Is d composite?
False
Let c(o) = 231*o**2 - 3*o - 57. Let b be c(-7). Is ((-2)/6)/((-1)/b) a composite number?
False
Let n be 159/(-15) - (-8)/(-20). Let u(f) = 171*f - 1. Let d be u(n). Let s = -765 - d. Is s a composite number?
False
Suppose 0 = -3*y + 19 + 14. Suppose 13*f + 252 = y*f. Let m = 827 - f. Is m a composite number?
False
Let d(s) = -s**2 - 5*s - 4. Let u be d(-4). Suppose -62*z = -69*z + 15974. Suppose u = -0*x - 2*x + z. Is x a prime number?
False
Let u be -17*(3 - 30/(-6)). Is 3*u/48*(-1 + -157) prime?
False
Suppose -3776 - 284 = -4*o. Suppose 0 = -3*y + 3443 + o. Is y composite?
True
Suppose 4*d - 880508 = -4*s, -303309 = 5*d + 8*s - 1403956. Is d a composite number?
False
Let p be 169/((-3)/3) - -2. Let k = p - -48. Let z = 39 - k. Is z a prime number?
False
Let k = -14992 + 21407. Is k composite?
True
Is (263634120/4104)/(-5*(-2)/6) composite?
False
Suppose 0 = -x - 2*x - 189. Let l = 520373 - 369628. Is 2/9 - l/x composite?
False
Suppose -3834315 = 7*l - 99*l + 2920049. Is l composite?
False
Is 72/(-8) - (-280459 - (2 + -5)) prime?
False
Let p = 344985 + -217064. Is p composite?
False
Let t(c) = 41460*c + 1081. Is t(16) a prime number?
True
Suppose 3*m = -3, 5*i + 0*m = 3*m + 13. Suppose i*u = u - 4*r - 1, 0 = -2*r. Is (-1510 + (-4 - -3))*u a composite number?
False
Let a = -109 - -111. Suppose 2*z - 6 + a = -p, 5 = 2*p + z. Suppose -d = 5, p*d + 191 = -3*u + 1138. Is u a prime number?
False
Suppose -181*b + 17024473 - 3079355 + 5401791 = 0. Is b a composite number?
True
Suppose 4*o + 5*v - 515 = 0, 5*o - 862 + 182 = v. Is ((-7418)/5)/((-27)/o) prime?
False
Let o(m) = -49*m + 71. Suppose -9*u + 28 = 190. Is o(u) a prime number?
True
Suppose -10*i = -139 - 61. Suppose -i = -7*g + 2*g, 4*g = 4*a - 412852. Is a prime?
True
Is (5 + (-903)/(-12))/((-112552)/56288 - -2) a prime number?
False
Suppose 1338 = 3*h + 33. Let g(u) = u**3 + 15*u**2 - 47*u - 36. Let m be g(-14). Suppose 2*b - 3*v - m = 2*v, h = b + 4*v. Is b prime?
True
Let b = 115 + -112. Suppose -b*y + 9756 = -20262. Is y composite?
True
Let z(f) = f**3 + 3*f**2 + 11*f + 334237. Is z(0) prime?
False
Let w(o) = 2*o + 54. Let k(i) = i - 2. Let t(a) = -4*k(a) - w(a). Let f be t(-8). Suppose 0*d - 3*b + 5294 = 5*d, -f*d = -4*b - 2102. Is d prime?
False
Let o = 67 - 59. Suppose 51105 = o*j + 15313. Is j prime?
False
Let f(x) = x**2 - 4*x + 4. Let i be f(2). Suppose -5*z - 2*u + 10864 = -28603, u = -2*z + 15786. Suppose 5*o = -i*o + z. Is o a composite number?
False
Let h(g) = 2*g**2 - 5*g - 1. Let d = 50 + -14. Suppose d = -6*i + 2*i. Is h(i) composite?
True
Suppose 5*v + 3*x + 5 - 15 = 0, -3*x = 0. Let y(r) = -7*r + 16. Let c be y(v). Suppose -c*p = -1358 + 456. Is p prime?
False
Let k(a) be the first derivative of -46*a**2 + 3*a - 30. Let q be k(-3). Suppose y - 3*z - 413 = 0, -y + q + 118 = 5*z. Is y a composite number?
True
Let s = 350 + -343. Let l(r) be the third derivative of r**6/20 + 11*r**5/60 - 7*r**4/24 + 13*r**3/6 - 5*r**2. Is l(s) prime?
False
Let m(p) = 11122*p - 7. Let o be m(1). Let f = o + -4024. Is f composite?
True
Let h = -26 - -27. Let f be 4 - (-9836)/(5 - h). Suppose -6*q + 3*q = -f. Is q composite?
False
Suppose s + 67800 - 252593 = -4*k, -5*s - 4*k + 923917 = 0. Is s prime?
False
Let s = -14 - 6. Let a = s - -23. Suppose 2*g + 4*d = 334, -a*d = 2*g - 2*d - 319. Is g a composite number?
False
Suppose 1710255 = 4*d - 5*y, 3*d + 6*y - 1282697 = 4*y. Is d a composite number?
True
Suppose 73*y = 42*y + 248. Is y - 4 - (-1066 + 3/(-1)) prime?
False
Let r = 171 + -25. Suppose 3*f + r = 3*w + 1130, -3*w = 0. Let l = f + 355. Is l a prime number?
True
Suppose 0 = 5*h - 4*u - 812041, 3*h - u - 296989 = 190244. Is h prime?
True
Let p(a) = -1036*a + 187. Let c(w) = 1034*w - 188. Let f(s) = 6*c(s) + 7*p(s). Is f(-9) composite?
False
Let v(b) be the second derivative of 9*b**5/20 - b**4 + b**3 - 10*b**2 - 54*b. Is v(7) a prime number?
True
Let b = 14234 + -7893. Is b a composite number?
True
Let n(g) = -g**2 + 35. Let x be n(0). Let o = -60 + x. Is (5/(o/10))/((-6)/429) composite?
True
Let k be (-1)/(-4) + 75/20. Let v(h) be the second derivative of 118*h**3 - 13*h**2/2 - 4*h - 4. Is v(k) composite?
False
Suppose 3*m + 3 = -3*n, -n + 0*n + 4 = -4*m. Suppose 10*x = -n + 10. Let u(j) = 1539*j**2 - j - 1. Is u(x) a composite number?
True
Suppose -y + 43 = 4*a, -2*a - 14*y + 17*y + 39 = 0. Suppose -7*q + 2*q + 75 = 0. Suppose -q*t = -a*t - 897. Is t composite?
True
Let c = -34 - -56. Let v be (-2)/(-4) - (-122)/4. Let u = v + c. Is u a composite number?
False
Is 2/69 - 2210238475/(-7935) composite?
False
Let k(c) = c**3 + 29*c**2 - 93*c + 90. Let p be k(-32). Is -15*(7 - (-236)/p) prime?
False
Let p(s) = 11*s**2 - 76*s + 1060. Is p(13) a prime number?
True
Suppose 89*t - 10726120 = 12147681. Is t a composite number?
True
Suppose 17*t + 17*t + 323290 = 44*t. Is t prime?
False
Let b(c) = 2*c**2 + c. Let l(a) = 12*a**3 + 13*a**2 + 21*a - 17. Let u(h) = 6*b(h) - l(h). Is u(-8) composite?
False
Suppose 2*o - 4*w - 1821 = 477, -4*o - 2*w + 4606 = 0. Suppose -21*n + 20*n = -o. Is n a prime number?
True
Let p(o) be the third derivative of -o**6/24 + o**5/20 - 17*o**4/12 + 19*o**3/6 - 127*o**2. Is p(-14) a composite number?
True
Let y(b) = 280*b**3 - 8*b**2 + 18*b - 123. Is y(7) a composite number?
False
Suppose -2*f + 6 = 0, 0*c = -4*c - f + 959. Is (c*23)/(6/18*3) a prime number?
False
Let l = 966 - 964. Let g(b) = 13*b**3 + 3*b**2 - 2*b + 2. Let p be g(2). Suppose -s - p = -3*r, -4*r + l*s + 2*s + 160 = 0. Is r prime?
True
Let k be -3*2/21 + (-200)/(-14). Let d be (6/(-4))/((k/5276)/(-7)). Suppose 0*p + 3*p = d. Is p a composite number?
False
Is 36/(-162) - 1125058/(-18) composite?
True
Let m = 1900341 + -928294. Is m prime?
True
Suppose 19*r = -16*r - 245. Let v(l) = -3*l**3 - 3*l**2 - 10*l - 33. Is v(r) a composite number?
False
Let m(b) be the first derivative of -11*b**4/2 + 5*b**3/3 + 13*b**2/2 + 9*b - 22. Let k be (-144)/32 + (-1)/2. Is m(k) composite?
False
Suppose 3*u + 1210 = -0*u + v, 2*v = 8. Let k = 229 - u. Is k a prime number?
True
Let g = 452367 + -186506. Is g composite?
False
Suppose -4*n - 3*s = -17, -s - 23 = -4*n + 2*s. Is (-3 - -18)/n - -18698 prime?
True
Let r be -2 + (2 - -1) + -1. Suppose 5*x - z + 5*z = r, 2*x = -5*z. Suppose -4*v + 9*v - 2825 = x. Is v prim